{"version":"1.0","type":"rich","provider_name":"Attac France","provider_url":"https:\/\/france.attac.org","title":"Journ\u00e9e europ\u00e9enne des r\u00e9sistances et des alternatives","author_name":"Collectif","width":"600","height":"400","url":"https:\/\/france.attac.org\/agenda-v1\/article\/journee-europeenne-des-resistances-et-des-alternatives","html":"\u003Ch4 class='title'\u003E\u003Ca href='https:\/\/france.attac.org\/agenda-v1\/article\/journee-europeenne-des-resistances-et-des-alternatives'\u003EJourn\u00e9e europ\u00e9enne des r\u00e9sistances et des alternatives\u003C\/a\u003E\u003C\/h4\u003E\u003Cblockquote class='spip'\u003E\n\u003Cp\u003EJourn\u00e9e europ\u00e9enne des r\u00e9sistances et des alternatives samedi 17&nbsp;mai 2014 \n\u003Cbr class='autobr' \/\u003E\nContre les politiques d\u2019aust\u00e9rit\u00e9, le pouvoir des multinationales et de la finance&nbsp;: D\u00e9mocratie, solidarit\u00e9 et biens communs&nbsp;!  Partage des richesses et \u00e9galit\u00e9 Logement, sant\u00e9, services publics Pr\u00e9servation des ressources naturelles Pour une Europe d\u00e9mocratique, sociale et \u00e9cologique&nbsp;! \n\u003Cbr class='autobr' \/\u003E\nParis, le samedi 17&nbsp;mai \u00e0 14 h au m\u00e9tro Op\u00e9ra&nbsp;:\n\u003Cbr class='autobr' \/\u003E\nFaisons du bruit pour faire entendre nos r\u00e9sistances et nos solidarit\u00e9s\n\u003Cbr class='autobr' \/\u003E\nAvec nos&nbsp;(\u2026)\u003C\/p\u003E\n\u003C\/blockquote\u003E\n"}

Journée européenne des résistances et des alternatives

<h4 class='title'><a href='https://france.attac.org/agenda-v1/article/journee-europeenne-des-resistances-et-des-alternatives'>Journée européenne des résistances et des alternatives</a></h4><blockquote class='spip'>
<p>Journée européenne des résistances et des alternatives samedi 17&nbsp;mai 2014 
<br class='autobr' />
Contre les politiques d’austérité, le pouvoir des multinationales et de la finance&nbsp;: Démocratie, solidarité et biens communs&nbsp;!  Partage des richesses et égalité Logement, santé, services publics Préservation des ressources naturelles Pour une Europe démocratique, sociale et écologique&nbsp;! 
<br class='autobr' />
Paris, le samedi 17&nbsp;mai à 14 h au métro Opéra&nbsp;:
<br class='autobr' />
Faisons du bruit pour faire entendre nos résistances et nos solidarités
<br class='autobr' />
Avec nos&nbsp;(…)</p>
</blockquote>
