{"version":"1.0","type":"rich","provider_name":"Attac France","provider_url":"https:\/\/france.attac.org","title":"Attac Saint-Malo Jersey, Projection-d\u00e9bat &#171;&nbsp;La Dette&nbsp;&#187;","author_name":"Attac Pays Malouin - Jersey","width":"600","height":"400","url":"https:\/\/france.attac.org\/agenda-v1\/article\/attac-saint-malo-jersey-projection-debat-la-dette","html":"\u003Ch4 class='title'\u003E\u003Ca href='https:\/\/france.attac.org\/agenda-v1\/article\/attac-saint-malo-jersey-projection-debat-la-dette'\u003EAttac Saint-Malo Jersey, Projection-d\u00e9bat &#171;&nbsp;La Dette&nbsp;&#187;\u003C\/a\u003E\u003C\/h4\u003E\u003Cblockquote class='spip'\u003E\n\u003Cp\u003ELe comit\u00e9 local Attac Saint-Malo Jersey organise le vendredi 17&nbsp;janvier 2014 \u00e0 20 h 20, \u00e0 Dinard au cin\u00e9ma &#171;&nbsp;Les deux aliz\u00e9es&nbsp;&#187;&nbsp;: \n\u003Cbr class='autobr' \/\u003E\nConf\u00e9rence-d\u00e9bat autour du film La dette, suivie d\u2019un d\u00e9bat avec un membre de l\u2019\u00e9quipe du film \n\u003Cbr class='autobr' \/\u003E\nLes rapports entre la Banque et l\u2019\u00c9tat sont toujours d\u2019actualit\u00e9. \n\u003Cbr class='autobr' \/\u003E\nD\u2019o\u00f9 vient la dette&nbsp;? Quelles logiques et quels int\u00e9r\u00eats se cachent derri\u00e8re ce mot&nbsp;?\n\u003Cbr class='autobr' \/\u003E\nQui de la puissance publique ou des banques aura le privil\u00e8ge d\u2019\u00e9mettre de la monnaie&nbsp;? \n\u003Cbr class='autobr' \/\u003E\nLa monnaie ne&nbsp;(\u2026)\u003C\/p\u003E\n\u003C\/blockquote\u003E\n"}

Attac Saint-Malo Jersey, Projection-débat &#171;&nbsp;La Dette&nbsp;&#187;

<h4 class='title'><a href='https://france.attac.org/agenda-v1/article/attac-saint-malo-jersey-projection-debat-la-dette'>Attac Saint-Malo Jersey, Projection-débat &#171;&nbsp;La Dette&nbsp;&#187;</a></h4><blockquote class='spip'>
<p>Le comité local Attac Saint-Malo Jersey organise le vendredi 17&nbsp;janvier 2014 à 20 h 20, à Dinard au cinéma &#171;&nbsp;Les deux alizées&nbsp;&#187;&nbsp;: 
<br class='autobr' />
Conférence-débat autour du film La dette, suivie d’un débat avec un membre de l’équipe du film 
<br class='autobr' />
Les rapports entre la Banque et l’État sont toujours d’actualité. 
<br class='autobr' />
D’où vient la dette&nbsp;? Quelles logiques et quels intérêts se cachent derrière ce mot&nbsp;?
<br class='autobr' />
Qui de la puissance publique ou des banques aura le privilège d’émettre de la monnaie&nbsp;? 
<br class='autobr' />
La monnaie ne&nbsp;(…)</p>
</blockquote>
