{"version":"1.0","type":"rich","provider_name":"Attac France","provider_url":"https:\/\/france.attac.org","title":"Attac Rennes, Projection-d\u00e9bat &#171;&nbsp;Ma Mondialisation&nbsp;&#187;","author_name":"Attac Rennes","width":"600","height":"400","url":"https:\/\/france.attac.org\/agenda-v1\/article\/attac-rennes-projection-debat-ma-mondialisation","html":"\u003Ch4 class='title'\u003E\u003Ca href='https:\/\/france.attac.org\/agenda-v1\/article\/attac-rennes-projection-debat-ma-mondialisation'\u003EAttac Rennes, Projection-d\u00e9bat &#171;&nbsp;Ma Mondialisation&nbsp;&#187;\u003C\/a\u003E\u003C\/h4\u003E\u003Cblockquote class='spip'\u003E\n\u003Cp\u003ELe comit\u00e9 local Attac Rennes organise le jeudi 16&nbsp;janvier \u00e0 20h \u00e0 la Maison Internationale de Rennes (7 quai Chateaubriand)&nbsp;: \n\u003Cbr class='autobr' \/\u003E\nProjection-d\u00e9bat autour du film Ma Mondialisation, un documentaire de Gilles Perret (2006 \/ 86 min).  \n\u003Cbr class='autobr' \/\u003E\nFonds de pension, d\u00e9localisation, mondialisation font d\u00e9sormais partie de notre langage quotidien, mais demeurent des notions abstraites, souvent angoissantes. \u00c0 travers le regard plut\u00f4t &#171;&nbsp;atypique&nbsp;&#187; d\u2019un chef d\u2019entreprise de la vall\u00e9e de la m\u00e9canique de pr\u00e9cision&nbsp;(\u2026)\u003C\/p\u003E\n\u003C\/blockquote\u003E\n"}

Attac Rennes, Projection-débat &#171;&nbsp;Ma Mondialisation&nbsp;&#187;

<h4 class='title'><a href='https://france.attac.org/agenda-v1/article/attac-rennes-projection-debat-ma-mondialisation'>Attac Rennes, Projection-débat &#171;&nbsp;Ma Mondialisation&nbsp;&#187;</a></h4><blockquote class='spip'>
<p>Le comité local Attac Rennes organise le jeudi 16&nbsp;janvier à 20h à la Maison Internationale de Rennes (7 quai Chateaubriand)&nbsp;: 
<br class='autobr' />
Projection-débat autour du film Ma Mondialisation, un documentaire de Gilles Perret (2006 / 86 min).  
<br class='autobr' />
Fonds de pension, délocalisation, mondialisation font désormais partie de notre langage quotidien, mais demeurent des notions abstraites, souvent angoissantes. À travers le regard plutôt &#171;&nbsp;atypique&nbsp;&#187; d’un chef d’entreprise de la vallée de la mécanique de précision&nbsp;(…)</p>
</blockquote>
