{"version":"1.0","type":"rich","provider_name":"Attac France","provider_url":"https:\/\/france.attac.org","title":"Attac Paris XIV - Projection d\u00e9bat &#171;&nbsp;The Empire of Shame&nbsp;&#187;","author_name":"Attac Paris 14","width":"600","height":"400","url":"https:\/\/france.attac.org\/agenda-v1\/article\/attac-paris-xiv-projection-debat-the-empire-of-shame","html":"\u003Ch4 class='title'\u003E\u003Ca href='https:\/\/france.attac.org\/agenda-v1\/article\/attac-paris-xiv-projection-debat-the-empire-of-shame'\u003EAttac Paris XIV - Projection d\u00e9bat &#171;&nbsp;The Empire of Shame&nbsp;&#187;\u003C\/a\u003E\u003C\/h4\u003E\u003Cblockquote class='spip'\u003E\n\u003Cp\u003EImages Mouvement\u00e9es \u2013 Cin\u00e9 Attac, en partenariat avec le festival Filmer le travail pr\u00e9sente&nbsp;: \n\u003Cbr class='autobr' \/\u003E\nThe Empire of Shame, un documentaire sud-cor\u00e9en de Li-Gyeong Hong, sur les conditions de travail dans une usine Samsung et sur la lutte des salari\u00e9es pour faire reconna\u00eetre leurs maladies professionnelles. \n\u003Cbr class='autobr' \/\u003E\nle 11&nbsp;mai \u00e0 20h aux 7 parnassiens, 98 bd Montparnasse 75014 Paris (m\u00e9tro Vavin). \n\u003Cbr class='autobr' \/\u003E\nLa projection sera suivie d\u2019une discussion avec le public en pr\u00e9sence de Ma\u00eft\u00e9 Peltier, programmatrice \u00e0&nbsp;(\u2026)\u003C\/p\u003E\n\u003C\/blockquote\u003E\n"}

Attac Paris XIV - Projection débat &#171;&nbsp;The Empire of Shame&nbsp;&#187;

<h4 class='title'><a href='https://france.attac.org/agenda-v1/article/attac-paris-xiv-projection-debat-the-empire-of-shame'>Attac Paris XIV - Projection débat &#171;&nbsp;The Empire of Shame&nbsp;&#187;</a></h4><blockquote class='spip'>
<p>Images Mouvementées – Ciné Attac, en partenariat avec le festival Filmer le travail présente&nbsp;: 
<br class='autobr' />
The Empire of Shame, un documentaire sud-coréen de Li-Gyeong Hong, sur les conditions de travail dans une usine Samsung et sur la lutte des salariées pour faire reconnaître leurs maladies professionnelles. 
<br class='autobr' />
le 11&nbsp;mai à 20h aux 7 parnassiens, 98 bd Montparnasse 75014 Paris (métro Vavin). 
<br class='autobr' />
La projection sera suivie d’une discussion avec le public en présence de Maïté Peltier, programmatrice à&nbsp;(…)</p>
</blockquote>
