{"version":"1.0","type":"rich","provider_name":"Attac France","provider_url":"https:\/\/france.attac.org","title":"Attac Paris XIV - Projection d\u00e9bat &#171;&nbsp;La Blessure&nbsp;&#187;","author_name":"Attac Paris 14","width":"600","height":"400","url":"https:\/\/france.attac.org\/agenda-v1\/article\/attac-paris-xiv-projection-debat-la-blessure","html":"\u003Ch4 class='title'\u003E\u003Ca href='https:\/\/france.attac.org\/agenda-v1\/article\/attac-paris-xiv-projection-debat-la-blessure'\u003EAttac Paris XIV - Projection d\u00e9bat &#171;&nbsp;La Blessure&nbsp;&#187;\u003C\/a\u003E\u003C\/h4\u003E\u003Cblockquote class='spip'\u003E\n\u003Cp\u003EImages Mouvement\u00e9es  \u2013 Cin\u00e9 Attac pr\u00e9sente en collaboration avec le Cercle de R\u00e9sistance Paris-Sud \n\u003Cbr class='autobr' \/\u003E\nLa blessure, un film de Nicolas KLOTZ et Elisabeth PERCEVAL sur l\u2019accueil et le non accueil des migrants africains demandeurs d\u2019asile \u00e0 Roissy \n\u003Cbr class='autobr' \/\u003E\nle 9&nbsp;mars \u00e0 19h30 aux 7 parnassiens, 98 bd Montparnasse 75014 Paris (m\u00e9tro Vavin). \n\u003Cbr class='autobr' \/\u003E\n  La projection sera suivie d\u2019une discussion avec le public en pr\u00e9sence de Nicolas KLOTZ et Elisabeth PERCEVAL (co-r\u00e9alisateurs) et de Laure Blondel coordinatrice&nbsp;(\u2026)\u003C\/p\u003E\n\u003C\/blockquote\u003E\n"}

Attac Paris XIV - Projection débat &#171;&nbsp;La Blessure&nbsp;&#187;

<h4 class='title'><a href='https://france.attac.org/agenda-v1/article/attac-paris-xiv-projection-debat-la-blessure'>Attac Paris XIV - Projection débat &#171;&nbsp;La Blessure&nbsp;&#187;</a></h4><blockquote class='spip'>
<p>Images Mouvementées  – Ciné Attac présente en collaboration avec le Cercle de Résistance Paris-Sud 
<br class='autobr' />
La blessure, un film de Nicolas KLOTZ et Elisabeth PERCEVAL sur l’accueil et le non accueil des migrants africains demandeurs d’asile à Roissy 
<br class='autobr' />
le 9&nbsp;mars à 19h30 aux 7 parnassiens, 98 bd Montparnasse 75014 Paris (métro Vavin). 
<br class='autobr' />
  La projection sera suivie d’une discussion avec le public en présence de Nicolas KLOTZ et Elisabeth PERCEVAL (co-réalisateurs) et de Laure Blondel coordinatrice&nbsp;(…)</p>
</blockquote>
