{"version":"1.0","type":"rich","provider_name":"Attac France","provider_url":"https:\/\/france.attac.org","title":"Attac La Ciotat - Projection D\u00e9bat &#171;&nbsp;Notre Monde&nbsp;&#187;","author_name":"","width":"600","height":"400","url":"https:\/\/france.attac.org\/agenda-v1\/article\/attac-la-ciotat-projection-debat-notre-monde","html":"\u003Ch4 class='title'\u003E\u003Ca href='https:\/\/france.attac.org\/agenda-v1\/article\/attac-la-ciotat-projection-debat-notre-monde'\u003EAttac La Ciotat - Projection D\u00e9bat &#171;&nbsp;Notre Monde&nbsp;&#187;\u003C\/a\u003E\u003C\/h4\u003E\u003Cblockquote class='spip'\u003E\n\u003Cp\u003EAttac La Ciotat a le plaisir de vous inviter \u00e0 la projection du film de Thomas Lacoste &#171;&nbsp;Notre Monde&nbsp;&#187;, suivie d\u2019un d\u00e9bat. \n\u003Cbr class='autobr' \/\u003E\nMercredi 21&nbsp;Mai \u00e0 18h30 A L\u2019EDEN TH\u00c9\u00c2TRE. \n\u003Cbr class='autobr' \/\u003E\nSynopsis&nbsp;: &#171;&nbsp;Rassemblant plus de 35 intervenants, philosophes, sociologues, \u00e9conomistes,magistrats, m\u00e9decins, universitaires et \u00e9crivains, Notre Monde propose un espace d\u2019expression pour travailler, comme nous y enjoint Jean-Luc Nancy, \u00e0 &#171;&nbsp;une pens\u00e9e commune&nbsp;&#187;. S\u2019appuyant sur un ensemble foisonnant de propositions concr\u00e8tes,&nbsp;(\u2026)\u003C\/p\u003E\n\u003C\/blockquote\u003E\n"}

Attac La Ciotat - Projection Débat &#171;&nbsp;Notre Monde&nbsp;&#187;

<h4 class='title'><a href='https://france.attac.org/agenda-v1/article/attac-la-ciotat-projection-debat-notre-monde'>Attac La Ciotat - Projection Débat &#171;&nbsp;Notre Monde&nbsp;&#187;</a></h4><blockquote class='spip'>
<p>Attac La Ciotat a le plaisir de vous inviter à la projection du film de Thomas Lacoste &#171;&nbsp;Notre Monde&nbsp;&#187;, suivie d’un débat. 
<br class='autobr' />
Mercredi 21&nbsp;Mai à 18h30 A L’EDEN THÉÂTRE. 
<br class='autobr' />
Synopsis&nbsp;: &#171;&nbsp;Rassemblant plus de 35 intervenants, philosophes, sociologues, économistes,magistrats, médecins, universitaires et écrivains, Notre Monde propose un espace d’expression pour travailler, comme nous y enjoint Jean-Luc Nancy, à &#171;&nbsp;une pensée commune&nbsp;&#187;. S’appuyant sur un ensemble foisonnant de propositions concrètes,&nbsp;(…)</p>
</blockquote>
