{"version":"1.0","type":"rich","provider_name":"Attac France","provider_url":"https:\/\/france.attac.org","title":"Attac 77 Nord, Projection-d\u00e9bat &#171;&nbsp;Le Grand retournement&nbsp;&#187;","author_name":"Attac Seine Et Marne","width":"600","height":"400","url":"https:\/\/france.attac.org\/agenda-v1\/article\/attac-77-nord-projection-debat-le-grand-retournement","html":"\u003Ch4 class='title'\u003E\u003Ca href='https:\/\/france.attac.org\/agenda-v1\/article\/attac-77-nord-projection-debat-le-grand-retournement'\u003EAttac 77 Nord, Projection-d\u00e9bat &#171;&nbsp;Le Grand retournement&nbsp;&#187;\u003C\/a\u003E\u003C\/h4\u003E\u003Cblockquote class='spip'\u003E\n\u003Cp\u003ELe comit\u00e9 local Attac 77 Nord organise le mardi 8&nbsp;avril \u00e0 20 h 30 au cin\u00e9ma de Chelles (avenue de la r\u00e9sistance)&nbsp;: \n\u003Cbr class='autobr' \/\u003E\nProjection du film Le Grand retournement (un film de G\u00e9rard Mordillat bas\u00e9 sur la pi\u00e8ce de Fr\u00e9deric Lordon), suivie d\u2019un d\u00e9bat avec un membre du Conseil d\u2019administration d\u2019Attac France.\u003C\/p\u003E\n\u003C\/blockquote\u003E\n"}

Attac 77 Nord, Projection-débat &#171;&nbsp;Le Grand retournement&nbsp;&#187;

<h4 class='title'><a href='https://france.attac.org/agenda-v1/article/attac-77-nord-projection-debat-le-grand-retournement'>Attac 77 Nord, Projection-débat &#171;&nbsp;Le Grand retournement&nbsp;&#187;</a></h4><blockquote class='spip'>
<p>Le comité local Attac 77 Nord organise le mardi 8&nbsp;avril à 20 h 30 au cinéma de Chelles (avenue de la résistance)&nbsp;: 
<br class='autobr' />
Projection du film Le Grand retournement (un film de Gérard Mordillat basé sur la pièce de Fréderic Lordon), suivie d’un débat avec un membre du Conseil d’administration d’Attac France.</p>
</blockquote>
