{"version":"1.0","type":"rich","provider_name":"Attac France","provider_url":"https:\/\/france.attac.org","title":"Appel national \u00e0 mobilisation du collectif &#171;&nbsp;Unedic&nbsp;&#187;","author_name":"","width":"600","height":"400","url":"https:\/\/france.attac.org\/agenda-v1\/article\/appel-national-a-mobilisation-du-collectif-unedic","html":"\u003Ch4 class='title'\u003E\u003Ca href='https:\/\/france.attac.org\/agenda-v1\/article\/appel-national-a-mobilisation-du-collectif-unedic'\u003EAppel national \u00e0 mobilisation du collectif &#171;&nbsp;Unedic&nbsp;&#187;\u003C\/a\u003E\u003C\/h4\u003E\u003Cblockquote class='spip'\u003E\n\u003Cp\u003EUnedic \u2013 mobilisations les 13 et 14&nbsp;f\u00e9vrier \n\u003Cbr class='autobr' \/\u003E\nJeudi 13&nbsp;f\u00e9vrier, r\u00e9union des \"partenaires sociaux\", o\u00f9 le MEDEF devrait enfin donner ses revendications. \n\u003Cbr class='autobr' \/\u003E\nQuelques informations des mobilisations \n\u003Cbr class='autobr' \/\u003E\nLe jeudi 13&nbsp;f\u00e9vrier. Appel national \u00e0 mobilisation du collectif &#171;&nbsp;Unedic&nbsp;&#187; (assos de ch\u00f4meurs, intermittents, pr\u00e9caires et syndicats)    (renseignez-vous pr\u00e8s de   chez vous&nbsp;!) PARIS&nbsp;: rdv \u00e0 11h \u2013 AG d\u2019information au th\u00e9\u00e2tre Paris Villette&nbsp;:  rdv \u00e0 13h - devant le medef pour partir vers les lieux o\u00f9&nbsp;(\u2026)\u003C\/p\u003E\n\u003C\/blockquote\u003E\n"}

Appel national à mobilisation du collectif &#171;&nbsp;Unedic&nbsp;&#187;

<h4 class='title'><a href='https://france.attac.org/agenda-v1/article/appel-national-a-mobilisation-du-collectif-unedic'>Appel national à mobilisation du collectif &#171;&nbsp;Unedic&nbsp;&#187;</a></h4><blockquote class='spip'>
<p>Unedic – mobilisations les 13 et 14&nbsp;février 
<br class='autobr' />
Jeudi 13&nbsp;février, réunion des "partenaires sociaux", où le MEDEF devrait enfin donner ses revendications. 
<br class='autobr' />
Quelques informations des mobilisations 
<br class='autobr' />
Le jeudi 13&nbsp;février. Appel national à mobilisation du collectif &#171;&nbsp;Unedic&nbsp;&#187; (assos de chômeurs, intermittents, précaires et syndicats)    (renseignez-vous près de   chez vous&nbsp;!) PARIS&nbsp;: rdv à 11h – AG d’information au théâtre Paris Villette&nbsp;:  rdv à 13h - devant le medef pour partir vers les lieux où&nbsp;(…)</p>
</blockquote>
