{"version":"1.0","type":"rich","provider_name":"Attac France","provider_url":"https:\/\/france.attac.org","title":"Plan de formation - Cycle \u00c9cologie","author_name":"Attac France","width":"600","height":"400","url":"https:\/\/france.attac.org\/actus-et-medias\/le-flux\/article\/plan-de-formation-cycle-ecologie","html":"\u003Ch4 class='title'\u003E\u003Ca href='https:\/\/france.attac.org\/actus-et-medias\/le-flux\/article\/plan-de-formation-cycle-ecologie'\u003EPlan de formation - Cycle \u00c9cologie\u003C\/a\u003E\u003C\/h4\u003E\u003Cblockquote class='spip'\u003E\u003Cp\u003EAttac, en tant qu\u2019association d\u2019\u00e9ducation populaire, propose \u00e0 ses adh\u00e9rent\u003Cspan aria-hidden='true'\u003E\u00b7\u003C\/span\u003Ees des formations sur les fondamentaux d\u2019Attac, ses combats et ses pratiques militantes. Suite au cycle consacr\u00e9 aux questions \u00e9conomiques et sociales, nous vous pr\u00e9sentons celui d\u00e9volu aux probl\u00e9matiques \u00e9cologistes.\u003C\/p\u003E\u003C\/blockquote\u003E\n"}

Plan de formation - Cycle Écologie

<h4 class='title'><a href='https://france.attac.org/actus-et-medias/le-flux/article/plan-de-formation-cycle-ecologie'>Plan de formation - Cycle Écologie</a></h4><blockquote class='spip'><p>Attac, en tant qu’association d’éducation populaire, propose à ses adhérent<span aria-hidden='true'>·</span>es des formations sur les fondamentaux d’Attac, ses combats et ses pratiques militantes. Suite au cycle consacré aux questions économiques et sociales, nous vous présentons celui dévolu aux problématiques écologistes.</p></blockquote>
