{"version":"1.0","type":"rich","provider_name":"Attac France","provider_url":"https:\/\/france.attac.org","title":"Hommage \u00e0 Hubert Guillon","author_name":"Attac France","width":"600","height":"400","url":"https:\/\/france.attac.org\/actus-et-medias\/le-flux\/article\/hommage-a-hubert-guillon","html":"\u003Ch4 class='title'\u003E\u003Ca href='https:\/\/france.attac.org\/actus-et-medias\/le-flux\/article\/hommage-a-hubert-guillon'\u003EHommage \u00e0 Hubert Guillon\u003C\/a\u003E\u003C\/h4\u003E\u003Cblockquote class='spip'\u003E\n\u003Cp\u003ENous avons appris avec une grande tristesse le d\u00e9c\u00e8s d\u2019Hubert Guillon survenu le 2&nbsp;ao\u00fbt 2026, \u00e0 l\u2019\u00e2ge de 88 ans. \n\u003Cbr class='autobr' \/\u003E\n \n\nHomme engag\u00e9 dans la vie associative, citoyenne et la\u00efque de la Haute-Loire, au sein du mouvement altermondialiste Attac, il fut notamment&nbsp;:  fondateur &amp; Pr\u00e9sident du Club Condorcet Haute Loire&nbsp;; membre fondateur d\u2019Attac en Velay&nbsp;; membre fondateur de l\u2019Association cr\u00e9matiste de Haute-Loire&nbsp;; directeur de la publication du Citoyen&nbsp;; administrateur de la Ligue de&nbsp;(\u2026)\u003C\/p\u003E\n\u003C\/blockquote\u003E\n"}

Hommage à Hubert Guillon

<h4 class='title'><a href='https://france.attac.org/actus-et-medias/le-flux/article/hommage-a-hubert-guillon'>Hommage à Hubert Guillon</a></h4><blockquote class='spip'>
<p>Nous avons appris avec une grande tristesse le décès d’Hubert Guillon survenu le 2&nbsp;août 2026, à l’âge de 88 ans. 
<br class='autobr' />
 

Homme engagé dans la vie associative, citoyenne et laïque de la Haute-Loire, au sein du mouvement altermondialiste Attac, il fut notamment&nbsp;:  fondateur &amp; Président du Club Condorcet Haute Loire&nbsp;; membre fondateur d’Attac en Velay&nbsp;; membre fondateur de l’Association crématiste de Haute-Loire&nbsp;; directeur de la publication du Citoyen&nbsp;; administrateur de la Ligue de&nbsp;(…)</p>
</blockquote>
